+ u. What is the highest common divisor of k and 27?
3
Let u(r) = -7*r - 1. Let b be u(-1). Let v = 41358 + -41346. Calculate the highest common divisor of b and v.
6
Let l be (32/(-40) + 15)/((-1)/(-5)). Calculate the greatest common divisor of 3053 and l.
71
Let t(x) = -4*x + 4. Let l be t(-5). Let a = 11626 - 11548. Calculate the greatest common divisor of a and l.
6
Suppose -6*w - 398 = -350. Let q(m) = 2*m**2 + 8*m + 10. Let x be q(w). What is the highest common divisor of 814 and x?
74
Let d = 10437 - 10431. What is the greatest common divisor of 5646 and d?
6
Suppose -23*g + 27*g - 16 = 0. Suppose -2320 = -112*c + 32*c. Calculate the greatest common divisor of c and g.
1
Suppose -104 = -d - 1090. Let u = d - -1056. Suppose 3*s - 2*g - 42 = 36, -g + 31 = s. What is the greatest common divisor of s and u?
14
Let l(w) = -3*w - 87. Let v be l(-30). Suppose -v*h - 608 = -7*h. What is the highest common factor of h and 57?
19
Suppose -2420 = -57*y + 2482. Calculate the greatest common divisor of 774 and y.
86
Suppose -2*l - 4*h = l - 56, -5*l + 5*h + 140 = 0. Suppose -3 = 9*d + l. Let b be 13/39 - d/(9/44). What is the highest common divisor of 6 and b?
3
Suppose 0 = 3*j - 2*u - 46, -3*j + 20*u - 17*u = -42. Let l be (12/6 + -5)/((-1)/j). Calculate the highest common divisor of l and 540.
54
Let j be 129/(-4)*56/14. Let c = j - -197. What is the greatest common factor of 102 and c?
34
Suppose 146*p - 2364 - 264 = 0. Let k = 16 + -10. Calculate the highest common divisor of p and k.
6
Let c = -37 - -37. Suppose c = 4*p - 2*w - 370, 0 = 2*w + w + 15. Suppose -2*m = -8*m + p. What is the greatest common divisor of 75 and m?
15
Suppose s - 3 - 9 = 2*x, 0 = -2*s + 3*x + 21. Suppose -4*h - s + 14 = 0. Let g = -425 - -433. Calculate the greatest common factor of h and g.
2
Let p(o) = -o**3 + 13*o**2 + 18*o - 184. Let h be p(7). What is the highest common divisor of 118 and h?
118
Let w = -286 + 288. Suppose b + b = -w*s + 52, -104 = -4*s - 5*b. Calculate the highest common factor of s and 312.
26
Suppose 191450 = 284*x - 1359190. What is the greatest common divisor of x and 52?
52
Let w be (-378)/(-45)*840/16. Calculate the greatest common factor of w and 7.
7
Suppose 0 = -5*q + 3*o + 572, -q - 50*o = -55*o - 132. Let p = q + -80. Calculate the greatest common divisor of p and 48.
16
Let g = -239 + 269. Let t(r) = r**3 - 31*r**2 + 33*r - 58. Let k be t(g). Calculate the highest common divisor of 144 and k.
16
Let y(w) = -w**2 - 7*w + 25. Let r be y(-7). Suppose -11*l + r*l - 504 = 0. Calculate the highest common factor of l and 4.
4
Suppose -3964 = -3*v - 5*b, -2*v - 4*b = -0*v - 2642. Suppose 4*x - 49 - v = 0. Calculate the highest common divisor of 49 and x.
49
Let g be 110/(178 + -156) - (1*28)/(-2). Let o be (-24)/1*152/(-3). What is the greatest common divisor of o and g?
19
Let u(d) = -639*d + 9216. Let a be u(14). Suppose 3*q + 140 = 7*q + 4*c, 5*c - 25 = 0. What is the highest common divisor of q and a?
30
Suppose -9*y + 5*w - 119 = -13*y, 0 = 4*y - 4*w - 164. Calculate the highest common divisor of y and 344.
4
Suppose -p - 4*u + 191 = 0, 4*p + 146*u = 145*u + 854. What is the highest common divisor of p and 15?
5
Let d(c) = c**3 - 12*c**2 + 11*c + 259. Let j be d(14). What is the highest common factor of j and 210?
35
Let h be -6*(2 + 14/(-8))*-40. Suppose -4*j = h - 92. Suppose m = j*m - 182. Calculate the highest common factor of m and 91.
13
Suppose -u = -m, -m + 89 = -5*u + 93. What is the highest common factor of m and 181?
1
Suppose 3*a - 1 = -t, -5*t - 17 + 0 = 4*a. Let m(g) = -2*g**3 - 5*g**2 + 5*g - 12. Let x be m(t). What is the greatest common divisor of 22 and x?
22
Let z be ((-795)/636)/((-1)/28). What is the highest common factor of z and 1505?
35
Let k(j) = 2*j**2 - 6*j + 4. Let i be k(4). Let f = 64 - 141. Let s = -73 - f. What is the greatest common divisor of s and i?
4
Let m(d) = 3*d**3 + 3*d**2 - 4*d + 4. Let g be m(4). Suppose 2214*x - 9168 = 2023*x. What is the greatest common factor of g and x?
12
Suppose 60 = 4*z - z. Suppose v + 9 = 3*b, 3*v + 11 = 2*b + 4*v. Suppose -2*k - 3*c = -89, b*c - 7 = 5. Calculate the highest common divisor of z and k.
20
Let c(n) = -16*n**3 - n**2 - 6*n + 76. Let f be c(0). Let k = 805 - 501. Calculate the highest common divisor of k and f.
76
Suppose -4*w + 1025 = -h, w + 4*h = 192 + 43. Suppose -33*d + 13 = -482. What is the greatest common divisor of d and w?
15
Suppose -2*r + 316 = 3*y, -3*y + 644 = -11*r + 15*r. Calculate the highest common divisor of r and 164.
164
Let g(y) = 41*y + 5353. Let j be g(-65). Calculate the greatest common factor of j and 392.
56
Suppose -5*v = i - 133, 2*v - 627 - 15 = -5*i. Let q = i + 446. Calculate the greatest common divisor of 14 and q.
14
Let f be -156*(290/40 - 9). Suppose 2*t + 0*t + 57 = 3*a, -5*a = t - 108. What is the highest common divisor of a and f?
21
Let i be (-2520)/(-1764)*1932/1. Calculate the highest common factor of 84 and i.
12
Suppose -2*f - 12 = 3*s, 4 = -2*f + 9*s - 11*s. What is the greatest common factor of 201 and f?
3
Let k(a) = 10*a**3 - 6*a**2 + 2. Let q be k(2). Suppose -4*j + q = -26. What is the highest common factor of 231 and j?
21
Suppose 13*s - 7*s - 3*s - 120 = 0. What is the greatest common factor of s and 1970?
10
Suppose -z - 248 = -608. What is the greatest common factor of z and 340?
20
Let x be (3 - 11)*((-9)/12 + -3). Suppose -x - 15 = -n. Calculate the greatest common divisor of 45 and n.
45
Let s be ((-5)/4)/((-1)/28). Suppose 6*h - 20 = 2*h. Suppose -15*w + 12*w + 5*y = -20, -2*w = h*y - 5. Calculate the greatest common divisor of s and w.
5
Suppose 2*m = 7*m + t - 1395, 0 = m - 4*t - 279. Suppose 470*k - 62 = 468*k. What is the greatest common divisor of k and m?
31
Let h(a) = a**2 + 32*a + 66. Let u = -251 + 249. Let i be h(u). What is the greatest common factor of i and 138?
6
Suppose 0*y - 7*y = -35. Let r(v) = 19*v + 1. Let j be r(y). Calculate the highest common factor of j and 24.
24
Suppose -3*u = -5*u + 2*o + 584, -4*u + o + 1168 = 0. Let n = -158 - -58. Let m = n + u. What is the greatest common factor of m and 12?
12
Suppose -5*v - 3*w - 31 = -127, 5*v + w = 92. Calculate the greatest common factor of v and 30.
6
Suppose 2*o + 4*o = 2*o. Suppose o = -22*q + 24*q - 66. Suppose 35 = m - 196. Calculate the greatest common divisor of q and m.
33
Let m be (-1349)/(9/(-432)*4). Calculate the greatest common factor of 228 and m.
228
Let l be (-161)/(-46)*(2 + 2)/2. What is the greatest common factor of l and 2?
1
Let m = -18584 + 18712. Calculate the highest common divisor of m and 896.
128
Let d(t) = -918*t**3 - t**2 + 25*t + 25. Let q be d(-1). Calculate the highest common divisor of 655 and q.
131
Let h(k) be the first derivative of 10*k**2 - 208*k + 10. Let i be h(13). What is the highest common factor of 16 and i?
4
Suppose 30*d - 29*d + 3*r = 1609, -5*d + 7954 = 2*r. What is the highest common factor of d and 4?
4
Let o(x) = 40*x - 40. Let k(r) = r**3 - 3*r**2 - 3*r - 33. Let q be k(5). Let u be o(q). Calculate the highest common divisor of 100 and u.
20
Let m be 6/36 - (-9369)/162. What is the greatest common factor of m and 1711?
29
Let a be (-62)/(-775) + 6/((-150)/(-9973)). What is the highest common factor of 437 and a?
19
Let b(t) = 148*t - 509. Let s be b(5). Calculate the greatest common divisor of 55 and s.
11
Let d = 1070 + -635. Suppose -69 = -14*x + d. What is the greatest common divisor of x and 9?
9
Let t = 3822 + -3606. What is the greatest common factor of 1584 and t?
72
Let c(n) = 18*n + 30. Let a be c(7). Suppose -a*f = -151*f - 200. Calculate the greatest common divisor of f and 80.
40
Let w = 2056 + -1962. Calculate the highest common divisor of 282 and w.
94
Let q(u) = 20*u - 84. Let n(j) = j**3 - 14*j**2 + 3*j - 31. Let l be n(14). Let x be q(l). What is the highest common divisor of 8 and x?
8
Let u(k) = 25*k**3 - 2*k**2 + 2*k - 1. Let q = -3 - -4. Let t be u(q). Let b = -759 - -775. What is the greatest common factor of t and b?
8
Suppose 44 = -5*i + 9. Let t = i - -19. Let m be (-8)/(-216) + 1127/189. What is the greatest common factor of t and m?
6
Let q = 5371 + 7419. What is the highest common divisor of q and 20?
10
Suppose 0 = 18*a + 5697 + 1053. Let h = a - -